i?
7
Suppose 0 = -5*k + 4*x + 3787, 7*k + 3*x + 2274 = 10*k. What is the tens digit of k?
5
Suppose -34088 = -30*z - 5228. What is the tens digit of z?
6
Let v be 0*((-2)/2)/1. Suppose -y - 2*f - 3*f + 20 = 0, v = -4*y + 4*f + 80. What is the units digit of y - -4*(-3)/12?
9
Let c(n) = 326*n**2 + 3*n. What is the hundreds digit of c(-1)?
3
Suppose -72*a + 4408 = -70*a. What is the units digit of a?
4
Let p(a) = 24*a + 5. Let q be -4 + 7 - (1 + 0). What is the tens digit of p(q)?
5
Let m be (-13 - 31) + -2 + 0. Let y be (m/(-3))/((-6)/(-9)). Suppose -25 = -2*r + y. What is the units digit of r?
4
What is the hundreds digit of -14*-6*1630/40?
4
Let n(p) = 4*p**2 + 11*p - 3. Let t(x) = 3*x**2 + 11*x - 4. Let h(y) = -2*n(y) + 3*t(y). Let k be h(-11). Let u = k + 10. What is the units digit of u?
4
Let p = 87 - 79. Suppose -p*q - 1068 = -3532. What is the tens digit of q?
0
Let a(b) = -2*b**3 + 14*b**2 + 11*b - 14. Let d = -28 + 34. What is the hundreds digit of a(d)?
1
Let w = 38 + -26. Suppose 0 = 2*h + 4 - w. What is the units digit of h?
4
Let o = 1551 + -706. What is the units digit of o?
5
Let d(f) = -f**3 + 9*f**2 + 4*f - 13. Let a be d(10). Let i = a - -136. What is the units digit of i?
3
Let y(w) = -66*w + 806. What is the thousands digit of y(-23)?
2
Let k be (-8)/20 + (-102)/(-5). Suppose g - k = -4*g. What is the units digit of g?
4
Suppose 73*f - 1967 = 66*f. What is the tens digit of f?
8
What is the tens digit of (-20)/2*(-13 - 15)?
8
Let g(j) = -j**3 + 8*j**2 - 4*j - 18. What is the units digit of g(6)?
0
Let j = 12 + -26. Let o = -15 + j. Let z = o + 52. What is the units digit of z?
3
Suppose 0 = 3*d + 4*k - 29, -5*d - 2*k + 25 = -0. Let r(o) = -10*o**2 - 3*o + 3*o + 10*o + 16 - o**d. What is the tens digit of r(-11)?
2
Let o = 56 - 80. Let l be 910/21*o/(-10). Suppose 5*h = h + l. What is the tens digit of h?
2
Suppose -3*s - 1577 = -2*q, 0 = 2*q - 7*s + 11*s - 1556. What is the units digit of q?
4
What is the hundreds digit of -4401*(3/5 + (-504)/540)?
4
Let z(x) = -7*x - 5. Let a be z(6). Let p be a*(3 - 12 - -2). What is the tens digit of (-2)/(-4) - p/(-14)?
2
Suppose -4*n - 15*f + 18*f + 8347 = 0, -n = -4*f - 2103. What is the units digit of n?
3
Let l be (0 - 1) + (-30)/(-5). Suppose 129 = l*p - 776. Suppose 127 = 7*x - p. What is the tens digit of x?
4
Let j(i) = -45*i + 239. What is the thousands digit of j(-27)?
1
Let f = 717 + -288. What is the tens digit of f?
2
Suppose 87*h - 85*h = 1182. What is the hundreds digit of h?
5
What is the tens digit of (-100)/6*(-324)/30?
8
Let g(p) = p**2 - 11*p + 8. Suppose -4*o + 3*o = -6. Let a be g(o). Let n = 7 - a. What is the units digit of n?
9
Let q be 0/((-3)/(-6 - -3)). Suppose -6*s + s - u + 10 = 0, 0 = 3*u. Suppose q = -6*a + s*a + 96. What is the tens digit of a?
2
Suppose -3*f - 4*d + 1036 = 0, d - 4*d + 692 = 2*f. Suppose -12 = 3*m - 54. What is the tens digit of 6/(-21) + f/m?
2
Suppose 18 = x + 2*f, -5*f = -4*x - 0*f + 20. Let w(l) = -7*l + 14 + 3*l**3 - 2*l**3 - 9*l**2 - 3*l. What is the tens digit of w(x)?
1
Suppose -4*n + 1497 = -i, -n + 0*i = 3*i - 371. What is the tens digit of n?
7
Suppose -4*t - 6 = -c - c, -5*t = -4*c + 12. Suppose 4 = -2*m, 5*k + t*k - 39 = 2*m. Suppose k*f = 4*f + 24. What is the units digit of f?
8
Let d(k) = k + 16. Let x be d(-13). Suppose x*n - l = 34, -n - 2*l + 16 = -0*l. What is the tens digit of (-16)/n*(-171)/6?
3
Let r be (-1 - 1)*(-10)/10. Suppose -h + 5 = r, -4*a = -3*h - 51. What is the tens digit of a?
1
Suppose -41*v + 60*v - 58254 = 0. What is the units digit of v?
6
Suppose -5*g = 3*l - 129, 3*g - 3*l - 50 - 13 = 0. Suppose -5*t + 16 + g = 0. Let s = 20 + t. What is the tens digit of s?
2
Let d = 2194 + -959. What is the hundreds digit of d?
2
Let o = -1683 - -2773. What is the thousands digit of o?
1
Suppose 21*x = -5148 + 16299. What is the hundreds digit of x?
5
Suppose 3*l - 1407 = 2637. What is the tens digit of l?
4
Let m(k) = -k**3 + k**2 - 18*k - 16. What is the tens digit of m(-11)?
3
Let i(j) = 7*j**2 - 4*j + 6. Let u(n) = 15*n**2 - 9*n + 13. Let f(h) = 13*i(h) - 6*u(h). Let b be f(-2). Suppose -g + 11 + 12 = b. What is the units digit of g?
3
Suppose -45*b + 60*b - 71145 = 0. What is the units digit of b?
3
Suppose 82 + 6 = 2*v. Suppose 2*x + 4 = v. What is the tens digit of (x - -1)/((-18)/(-12))?
1
Let s = 115 + -87. Let c be -1 - -58 - (-8)/4. Let x = c - s. What is the tens digit of x?
3
Suppose 0 = 3*b - 6*b - 3. Let d be (-17)/b - (-5)/(-5). What is the units digit of 72/32*d/6?
6
Suppose 0 = 2*g + 2*g - 176. Suppose -3*m + 5*m = g. What is the tens digit of m?
2
Let y(s) = -s + 6. Let d be y(3). Suppose b = -p - 11, -5*p + 3 = -d*b + 10. Let x(q) = -q**3 - 5*q**2 - 2*q + 2. What is the tens digit of x(b)?
5
Suppose -3*p + 0*c + 2*c = -99, 4*c = -12. What is the units digit of p?
1
Let o(q) = 2*q**2 + 37*q - 220. What is the units digit of o(6)?
4
Let x(d) = -d**2 - 7*d + 12. Let w be x(-9). Let o = w + 11. Suppose -35 = -4*b + o. What is the units digit of b?
0
Suppose 27*o - 29*o + 2874 = 0. What is the hundreds digit of o?
4
Let y be -5*(-4 - (-130)/25). What is the units digit of (18/12)/((-1)/y)?
9
Let o = -2347 + 3449. What is the thousands digit of o?
1
Suppose -3*d + 1024 = -4*z, 2*z = z + 5. What is the hundreds digit of d?
3
Suppose s - 1 = 5*u - 8, 2*s = -4*u. Let t = 15 - u. What is the units digit of t?
4
Let s(k) = k**3 - 7*k**2 + k - 2. Let v = -10 - -17. Let m be s(v). Suppose 58 = 4*u + z, 0*z = -5*u - m*z + 80. What is the tens digit of u?
1
Let p(s) = 191 - 181 - 4*s**2 + 4*s - 2*s**3 + 16*s**2 - 5*s. What is the units digit of p(6)?
4
Let j = 2064 - 1383. What is the tens digit of j?
8
Let r = -43 - -42. What is the tens digit of (-1 + -85)*r + 2?
8
Let t(h) = h**2. Let r(i) = 6*i**2 - i + 15. Let k(z) = r(z) - 5*t(z). What is the units digit of k(-13)?
7
Let t be (1 + 1)/((-18)/(-36)). Suppose t*v - 104 = 2*v. What is the units digit of v?
2
Suppose -40*u + 33*u + 4837 = 0. What is the hundreds digit of u?
6
Let r be (-4)/(1*-2) - 7. Let o(j) = 10*j**3 - 2*j - j - 11*j**3 + 0*j - 5*j**2. What is the tens digit of o(r)?
1
Let g(w) be the second derivative of 5*w**4/12 - w**3/3 - 7*w**2/2 + 24*w. What is the units digit of g(3)?
2
Suppose 2*u + 60 = -178. Let j = -62 - u. What is the units digit of j?
7
Let b = 27 + -2. Let f = -14 + b. What is the units digit of 2/f - 97/(-11)?
9
Let k = 5416 - 3097. What is the thousands digit of k?
2
Suppose 5*g + 3*h = 64, g + 4*h + 10 = 3*g. Suppose -1 = 2*b - g. Suppose 53 = 4*f - 5*s, b*f - 45 = -3*s + 5*s. What is the units digit of f?
7
Let m(h) = h**2 + 3*h. Let l be m(-3). Suppose 3*j + 0*s - 92 = 5*s, l = -5*j - 5*s + 220. What is the units digit of j?
9
Suppose 543 - 2759 = -4*x. What is the hundreds digit of x?
5
Suppose -z + 9*w = -1438, 3*z + 2*w = -3*w + 4154. What is the tens digit of z?
9
Suppose 3*h = -3*k - 9, -3*k = k - 4*h + 4. What is the tens digit of 86 + -3 + (k - -6)?
8
Let p = -12 + 22. Let n = -6 + p. Suppose -n*w = -w - 66. What is the units digit of w?
2
Suppose -35*m + 32*m + 6819 = w, 4*m + 4*w = 9084. What is the tens digit of m?
7
Let j be (-8)/(-5) - (6 + (-96)/15). Suppose -1581 = -5*m - j*k, -3*k + 1418 = 3*m + 473. What is the units digit of m?
7
Let v(m) = m**3 + 14*m**2 + 44. What is the hundreds digit of v(-11)?
4
Suppose 0*y + 372 = y. What is the units digit of y?
2
Let t be 3/(-2)*20/(-15). Suppose t*n + 4*z + 1 = 17, -4 = -z. Suppose u - 5*u + 16 = n. What is the units digit of u?
4
Suppose n - j - 250 = 0, -3*n + 2*j - j = -750. What is the tens digit of n?
5
Suppose -4*u - 3*c = -3*u - 244, -492 = -2*u - 4*c. What is the units digit of u?
0
Let a(o) = -71*o**2 + 6*o + 11. Let s(c) = -24*c**2 + 2*c + 4. Let p(z) = -3*a(z) + 8*s(z). Suppose 52*d = -18*d - 70. What is the tens digit of p(d)?
2
Let y(a) = 2*a - 18. Let g = 2 - -10. Let k be y(g). Let d(t) = 2*t**2 - 8*t - 9. What is the units digit of d(k)?
5
Suppose 6*k + 85371 = 39*k. What is the thousands digit of k?
2
Let t(o) be the first derivative of 3 + 7*o + 1/2*o**2. What is the units digit of t(6)?
3
Suppose 934 = 18*l - 34382. What is the units digit of l?
2
Suppose 3*m + 3*l = 6, m - 4*l + 2*l = 14. Suppose 3*d - 2 - m = -5*x, 8 = -4*d - 2*x. Wh